 Let w = 20 - 14. Determine t(w).
-16
Let j(t) = -14*t**2 + t + 5. Let l(r) = 43*r**2 - 4*r - 18. Let p(m) = 7*j(m) + 2*l(m). Calculate p(-1).
-12
Suppose 5*x + 7 = 2, -3*w - 10 = -5*x. Let t(v) = -v**2 - 3*v + 4. Let n be t(w). Let q(c) = -91*c + 90*c - 157552 + 157558. Calculate q(n).
12
Let c(y) = -y - 8. Let w be c(-5). Let p(s) = -2*s**2 + 6 + 3*s + 4*s**2 - 3*s**2. Let z(h) = 2*h**2 - 2*h - 7. Let q(v) = -3*p(v) - 2*z(v). Give q(w).
2
Let d be 1*(-4 - -1)/3. Let g(x) = 1. Let o(s) = -7*s - 2. Let c(u) = d*o(u) - g(u). Give c(-1).
-6
Let o(h) = -h + 15. Let p be o(10). Let a(n) = -39*n + n**2 - p - 45*n + 88*n. Let q = -4 + -1. Determine a(q).
0
Let v(i) = 3*i**3 + 17*i**2 - 4*i - 1. Let z(l) = l**3 + 6*l**2 - l. Suppose 7*j + 21 = -7. Let g(m) = j*v(m) + 11*z(m). Determine g(-3).
-2
Let d = 86 + -155. Let a = d - -72. Let j(v) = 2*v**2 - 2*v**3 + 0*v + v**3 + v. Give j(a).
-6
Let n(w) = w**3 - 32*w**2 + 34*w - 98. Let b be n(31). Let i(y) be the first derivative of y**3/3 + 9*y**2/2 + 4*y + 1. Calculate i(b).
-16
Let y(n) = -n**3 + 4*n**2 + 3*n + 3. Let v(r) = -r**3 + 8*r**2 + 9*r - 1. Let i be v(9). Let a(l) = l + 1. Let w(s) = i*y(s) + 4*a(s). What is w(3)?
-5
Let f(a) = a - 5. Let w(l) = -2*l + 6. Let r(q) = 5*f(q) + 4*w(q). Let j be (-4)/(-10)*120/48. Let b(c) = -4*c**3 - c**2 + 2*c. Let z be b(j). What is r(z)?
8
Suppose 495*t + 21 = 488*t. Let j(r) = 2*r**2 + 3*r - 4. Determine j(t).
5
Suppose 0 = -11*d + 135 + 85. Let p(y) = -4*y - 12*y + d*y + 2 - 2*y. Determine p(-2).
-2
Let h(v) be the second derivative of v**4/12 - v**3/3 - 4*v. Let k(q) = -q**3 + 6*q**2 - 3*q - 9. Suppose -3*j - 2*j = -25. Let a be k(j). Give h(a).
-1
Let p(v) = 0*v**3 - 42*v + 1 - 3*v**3 + 43*v. Let w be p(-1). Let n(s) = -4*s**2 + 0*s**2 + 7*s + 0*s**2 + w*s**2 - 3. What is n(6)?
3
Let t(l) = -l**3 - 6*l**2 + 9*l + 6. Let g = 10 - 22. Let b be (-6)/(-9) + (-16)/g. Suppose -q + 7 = -b*q. Calculate t(q).
-8
Let j(i) = i - 17. Let t = 269 + -256. Determine j(t).
-4
Let p(t) = t - 9. Let j(r) = -r**3 + 12*r**2 + 13*r. Let y be j(13). Suppose 7*l - 5*l = y. Determine p(l).
-9
Let t(o) = 45*o**2 + 20*o. Let u(f) = -f**2 - 3*f. Let r(m) = t(m) + 7*u(m). Determine r(-1).
39
Let w(t) = 2*t + 9. Let n(j) = 1. Let x(p) = -p - 3. Let y(u) = -n(u) + x(u). Let g(a) = -4*w(a) - 9*y(a). Suppose -2*z = 3*z. Give g(z).
0
Suppose 0 = -3*m + 3*r - 12, -108*m + 111*m - 28 = -5*r. Let j(t) = 17*t**2 + t - 1. Give j(m).
17
Let x(r) be the third derivative of 1/6*r**4 + r**2 + 0*r + 0 + 1/12*r**5 + 1/120*r**6 + 0*r**3. Suppose -68*l + 76 = -87*l. Give x(l).
0
Let w(u) = -u**2 - 5*u - 7. Let n(b) = -b**2 + 10*b - 5. Let k be n(6). Suppose 2*r - k = -5*i + 1, -2*i = -r - 17. Suppose g - 1 = -i. Determine w(g).
-7
Let f(x) be the first derivative of -5*x**3/6 - 9*x + 13. Let y(v) be the first derivative of f(v). Suppose -2*z + 9 - 20 = -3*u, -z - 5 = -u. What is y(u)?
-5
Let s(j) = 3*j - 11. Let b = 391 - 394. Calculate s(b).
-20
Suppose 0 = -2*g + 3*i + 20, -g - 4 = 5*i - 1. Let v(l) = -11 + g - 8*l + l**2 + 5. Let t be v(8). Let n(r) = -3*r. Determine n(t).
-3
Let s(k) = k**2 - 3*k + 1. Let g(l) = 3. Let u(x) = -1. Let w(o) = -g(o) - 4*u(o). Let z(n) = -s(n) + 2*w(n). Give z(3).
1
Let v = -167 - -170. Let b(x) = -x**3 + 5*x**2 - 3*x - 3. What is b(v)?
6
Let z(l) = -4*l - 3. Let j(q) = -q**2 + 7*q + 7. Let s be j(7). Suppose 40 = s*f - 3*f. Let v be (-40)/18 - f/(-45). Calculate z(v).
5
Suppose 3*x = 3*n - 3, 0 = -x - 21*n + 26*n - 13. Let l(w) be the first derivative of x*w + w**2 - 1/4*w**4 - 1 - 2/3*w**3. Determine l(-3).
5
Let v = -34 - -37. Suppose t + 23 = -4*m, 4*m = v*t + 3*m + 4. Let g(w) = w**3 + 2*w**2. What is g(t)?
-9
Let y(a) = -20*a + 15. Let u(b) = -b - 2. Let j(c) = -5*u(c) + y(c). Give j(2).
-5
Let h(f) = f - 3. Let r(x) = 5*x - 8. Let q(o) = 3*h(o) - r(o). Calculate q(2).
-5
Let c(j) = -j + 6. Let k be c(9). Let t be -7 + k - (4 - 0). Let l be t/7*(0 - -1). Let p(h) = -3*h - 2. What is p(l)?
4
Let b(g) = 2*g - 2. Let d be 14/4 + (-1)/2. Suppose -d*x = -5*x + 60. Suppose x = -6*l + l. Give b(l).
-14
Let j(i) be the second derivative of 0 + 13*i - 1/6*i**3 - 3/2*i**2. Determine j(-7).
4
Let r(o) be the second derivative of -o**3/6 + o**2/2 + 295*o. Calculate r(-2).
3
Let l(t) = -t**2 - 8*t - 9. Suppose 4*m = -2*m + 42. Let x be -1*m/6*2*3. What is l(x)?
-2
Let k = -879 - -880. Let i(f) = 11*f + 2. What is i(k)?
13
Let n(d) = -d - 12. Suppose 3*o = 5*r - 33, -2*r = 1 - 7. Let w be n(o). Let p(c) = 4*c + 5. Let l(z) = 5*z + 4. Let j(b) = w*l(b) + 5*p(b). Calculate j(1).
-9
Let j(v) = -8*v + 2. Let i(c) = 15*c - 3. Let m(g) = 3*i(g) + 5*j(g). Suppose -3*k - 10 = 5*f - 0*k, 2*f - 2*k = 12. Determine m(f).
6
Let i(q) = q - 5 + 13 - 6 - q**3. Let x(b) = -b + 2. Let s be x(0). Determine i(s).
-4
Let z(l) be the first derivative of -2*l**3/3 - 5*l**2 - 3*l + 463. Give z(-5).
-3
Let u(i) = -2*i**3 - i**2 - i + 2. Let o(h) = -11*h**3 - 10*h**2 - 6*h + 17. Let g(p) = -o(p) + 6*u(p). Give g(3).
4
Suppose z + 1 = 9. Let a(d) = 2*d - 2. Let m(y) = 6*y - 5. Let k(w) = -3*w**2 + w - 1. Let r be k(1). Let h(x) = r*m(x) + z*a(x). Calculate h(5).
-11
Suppose 5*c = -2*l - 23, 2*c + 3 + 3 = -4*l. Let f(p) = 2 - 3 - l + 7*p. Let s be 24/40*5*(-4)/(-6). Give f(s).
12
Let b(u) = -7*u**3 + u**2 - 13*u + 6. Let k(t) = 16*t**3 - t**2 + 29*t - 12. Let i(j) = -7*b(j) - 3*k(j). Calculate i(3).
-3
Let a(h) = -3*h. Suppose -81 - 33 = -19*o. Let u(v) = v**2 - 5*v + 1. Let w be u(2). Let c = o + w. Determine a(c).
-3
Let t(k) = -333*k + 664*k + 3 - 327*k. Determine t(-2).
-5
Let m(s) be the first derivative of -s**3/3 - 9*s**2/2 - 22*s - 12. Let i be m(-5). Let u(r) = -3*r + 0 - 2 + 0 + 0. Give u(i).
4
Let l(q) = 7*q - 16. Let b(c) = 6*c - 14. Let a(j) = 5*b(j) - 4*l(j). Calculate a(4).
2
Let c(k) = -5*k + 9. Let h(r) = -66*r + 117. Let m(q) = 27*c(q) - 2*h(q). What is m(0)?
9
Suppose -j = j. Let h(k) = 5*k**2 + 4*k - 9. Let b(n) = 14*n**2 + 11*n - 26. Let g(l) = -4*b(l) + 11*h(l). What is g(j)?
5
Let z = 805 - 804. Let r(u) = 58*u**2 - u. What is r(z)?
57
Let t(d) = -3*d + d**2 - 3*d**2 + 3*d**2 + 2*d. Let g(z) = z**3 - z**2 + 5*z - 2. Let u(w) = g(w) + 4*t(w). What is u(-2)?
0
Suppose -s = -3*s. Suppose -4 + s = -z. Suppose 0 = -2*r + 2 - z. Let a(b) = -7*b**3 - 2*b**2 - b. What is a(r)?
6
Let f = -1386 + 1391. Let a(w) = -w**2 + 4*w - 11. Give a(f).
-16
Let p(h) = -5*h**2 - h + 10. Let v(c) = c**2 + 2*c. Let w(q) = p(q) + 6*v(q). What is w(-9)?
-8
Let f(j) = 2*j + 2. Let g = 1 + -7. Let u = -10 - g. Let z(i) = -6*i - 6. Let m(k) = u*z(k) - 11*f(k). What is m(-5)?
-8
Let x(b) = -2*b - 262 - 5*b - b**2 + b + 258. What is x(-2)?
4
Let g(u) = u + 8. Let o(t) = -19*t - 71. Let v(y) = 9*y + 35. Let k(a) = -4*o(a) - 9*v(a). Let s(x) = -9*g(x) - 2*k(x). What is s(0)?
-10
Let m = -39 - -28. Let t(g) = 3*g + 4. Let i(r) = -6*r - 7. Let o(p) = m*t(p) - 6*i(p). Determine o(2).
4
Let j(h) = -h**2 - 5*h - 12. Suppose 3*m = -4*a, 2*a + 1 = -3*m - 5. Let y be j(m). Let g(b) = b**2 + 9*b + 2. Give g(y).
-6
Let d = -210 - -204. Let z(x) = x**2 + 7*x + 3. Give z(d).
-3
Suppose 0 = 3*p - 9, -12 = -y + 2*y - 4*p. Let v(h) = -2*h**2 + 5*h + 26. Let i(k) = -3*k**2 + 7*k + 39. Let a(n) = -5*i(n) + 7*v(n). Calculate a(y).
-13
Let m(g) = -g**2 - 2*g + 2. Let h be (-1 - 1) + (-16)/(-2). Suppose -13*r + 15*r = h. Let b be (r/(-5))/((-2)/(-10)). Calculate m(b).
-1
Let o(s) be the second derivative of -s**3/6 + 13*s**2/2 + 17*s. Let g = 148 - 139. Calculate o(g).
4
Let d(c) = -4*c - 4 + 2*c + 9 + 7. Suppose 0 = -6*o + 63 - 15. What is d(o)?
-4
Let p be (-286)/(-77) - 2/(-7). Let d(w) = p*w + 3 - 3*w + 0 - 3*w. Calculate d(2).
-1
Let l(y) = y**2 - 3625*y - 1 + 3616*y - 2*y**2. What is l(-8)?
7
Suppose 476*h = 494*h + 252. Let f(x) = x**3 + 13*x**2 - 14*x + 13. Determine f(h).
13
Let f(t) be the second derivative of -t**7/420 - t**6/90 + t**5/60 + t**4/8 - 13*t**3/6 - 14*t. Let n(v) be the second derivative of f(v). What is n(-3)?
15
Let g(o) = o + 4. Suppose -2 = 4*v - 8*v + 3*f, -v + 10 = 4*f. Suppose 0 = -v*x + 26 - 20. Give g(x).
7
Let j(n) = n**2 + 10*n + 7. Suppose 62 = 3*q + 77, l + 5*q = -33. What is j(l)?
-9
Let g(q) be the first derivative of q**3/3 + 3*q**2 - 4*q + 1. Let u = 51 - 47. Suppose -l - 5*o - 2 = 0, 5